{"id":29,"date":"2014-03-17T20:05:04","date_gmt":"2014-03-17T20:05:04","guid":{"rendered":"http:\/\/demo.themegrill.com\/spacious\/?page_id=29"},"modified":"2022-06-30T21:39:38","modified_gmt":"2022-06-30T21:39:38","slug":"just-arrived","status":"publish","type":"page","link":"http:\/\/www.optifincas.es\/?page_id=29","title":{"rendered":"Nueva Imagen"},"content":{"rendered":"<p>Nuestra principal preocupaci\u00f3n y eres t\u00fa y por ello, para hacernos m\u00e1s accesibles hemos reformado nuestra p\u00e1gina web, nuestro sitio, que pretendemos que tambi\u00e9n sea el vuestro. Un espacio en el que podr\u00e1s conversar con nosotros, contactar y sobre todo donde podr\u00e1s encontrar una puerta que te permita solucionar los problemas que te puedan surgir en el d\u00eda a d\u00eda.<\/p>\n","protected":false},"excerpt":{"rendered":"<p>Nuestra principal preocupaci\u00f3n y eres t\u00fa y por ello, para hacernos m\u00e1s accesibles hemos reformado nuestra p\u00e1gina web, nuestro sitio, que pretendemos que tambi\u00e9n sea el vuestro. Un espacio en el que podr\u00e1s conversar con nosotros, contactar y sobre todo<\/p>\n","protected":false},"author":1,"featured_media":592,"parent":0,"menu_order":0,"comment_status":"closed","ping_status":"open","template":"","meta":{"_coblocks_attr":"","_coblocks_dimensions":"","_coblocks_responsive_height":"","_coblocks_accordion_ie_support":"","footnotes":""},"class_list":["post-29","page","type-page","status-publish","has-post-thumbnail","hentry"],"_links":{"self":[{"href":"http:\/\/www.optifincas.es\/index.php?rest_route=\/wp\/v2\/pages\/29","targetHints":{"allow":["GET"]}}],"collection":[{"href":"http:\/\/www.optifincas.es\/index.php?rest_route=\/wp\/v2\/pages"}],"about":[{"href":"http:\/\/www.optifincas.es\/index.php?rest_route=\/wp\/v2\/types\/page"}],"author":[{"embeddable":true,"href":"http:\/\/www.optifincas.es\/index.php?rest_route=\/wp\/v2\/users\/1"}],"replies":[{"embeddable":true,"href":"http:\/\/www.optifincas.es\/index.php?rest_route=%2Fwp%2Fv2%2Fcomments&post=29"}],"version-history":[{"count":1,"href":"http:\/\/www.optifincas.es\/index.php?rest_route=\/wp\/v2\/pages\/29\/revisions"}],"predecessor-version":[{"id":594,"href":"http:\/\/www.optifincas.es\/index.php?rest_route=\/wp\/v2\/pages\/29\/revisions\/594"}],"wp:featuredmedia":[{"embeddable":true,"href":"http:\/\/www.optifincas.es\/index.php?rest_route=\/wp\/v2\/media\/592"}],"wp:attachment":[{"href":"http:\/\/www.optifincas.es\/index.php?rest_route=%2Fwp%2Fv2%2Fmedia&parent=29"}],"curies":[{"name":"wp","href":"https:\/\/api.w.org\/{rel}","templated":true}]}}