{"id":31,"date":"2014-03-18T11:31:06","date_gmt":"2014-03-18T11:31:06","guid":{"rendered":"http:\/\/demo.themegrill.com\/spacious\/?page_id=31"},"modified":"2022-06-30T21:41:09","modified_gmt":"2022-06-30T21:41:09","slug":"contact-us","status":"publish","type":"page","link":"http:\/\/www.optifincas.es\/?page_id=31","title":{"rendered":"Contacta"},"content":{"rendered":"\n<figure class=\"wp-block-gallery columns-1 is-cropped wp-block-gallery-1 is-layout-flex wp-block-gallery-is-layout-flex\"><ul class=\"blocks-gallery-grid\"><li class=\"blocks-gallery-item\"><figure><img loading=\"lazy\" decoding=\"async\" width=\"1024\" height=\"378\" src=\"http:\/\/www.optifincas.es\/wp-content\/uploads\/2021\/07\/mapa-frontal-1-1024x378.jpg\" alt=\"\" data-id=\"680\" data-full-url=\"http:\/\/www.optifincas.es\/wp-content\/uploads\/2021\/07\/mapa-frontal-1.jpg\" data-link=\"http:\/\/www.optifincas.es\/contact-us\/attachment\/mapa-frontal-1\/\" class=\"wp-image-680\" srcset=\"http:\/\/www.optifincas.es\/wp-content\/uploads\/2021\/07\/mapa-frontal-1-1024x378.jpg 1024w, http:\/\/www.optifincas.es\/wp-content\/uploads\/2021\/07\/mapa-frontal-1-300x111.jpg 300w, http:\/\/www.optifincas.es\/wp-content\/uploads\/2021\/07\/mapa-frontal-1-768x284.jpg 768w, http:\/\/www.optifincas.es\/wp-content\/uploads\/2021\/07\/mapa-frontal-1.jpg 1402w\" sizes=\"auto, (max-width: 1024px) 100vw, 1024px\" \/><\/figure><\/li><\/ul><\/figure>\n\n\n\n<p>Si tienes alguna duda, quieres m\u00e1s informaci\u00f3n sobre nuestros servicios o simplemente quieres ponerte en contacto con nosotros. Aqu\u00ed puedes hacerlo.<br><div class=\"everest-forms\"><div class=\"evf-container default\" id=\"evf-5\"><form id=\"evf-form-5\" class=\"everest-form\" data-formid=\"5\" data-ajax_submission=\"0\" method=\"post\" enctype=\"multipart\/form-data\" action=\"\/index.php?rest_route=%2Fwp%2Fv2%2Fpages%2F31\"><div class=\"evf-field-container\"><input type=\"hidden\" id=\"_wpnonce\" name=\"_wpnonce\" value=\"0ae1e84f34\" \/><input type=\"hidden\" name=\"_wp_http_referer\" value=\"\/index.php?rest_route=%2Fwp%2Fv2%2Fpages%2F31\" \/><div class=\"evf-frontend-row\" data-row=\"row_1\"><div class=\"evf-frontend-grid evf-grid-1\" data-grid=\"grid_1\"><div id=\"evf-5-field_fullname-container\" class=\"evf-field evf-field-text form-row validate-required\" data-required-field-message=\"Este campo es obligatorio.\" data-field-id=\"fullname\"><label class=\"evf-field-label\" for=\"evf-5-field_fullname\"><span class=\"evf-label\">Nombre<\/span> <abbr class=\"required\" title=\"Obligatorio\">*<\/abbr><\/label><input type=\"text\" id=\"evf-5-field_fullname\" class=\"input-text\" name=\"everest_forms[form_fields][fullname]\" required><\/div><div id=\"evf-5-field_email-container\" class=\"evf-field evf-field-email form-row validate-required validate-email\" data-required-field-message=\"Por favor, usa una direcci\u00f3n de correo electr\u00f3nico v\u00e1lida.\" data-field-id=\"email\"><label class=\"evf-field-label\" for=\"evf-5-field_email\"><span class=\"evf-label\">Email<\/span> <abbr class=\"required\" title=\"Obligatorio\">*<\/abbr><\/label><input type=\"email\" id=\"evf-5-field_email\" class=\"input-text\" name=\"everest_forms[form_fields][email]\" required><\/div><div id=\"evf-5-field_subject-container\" class=\"evf-field evf-field-text form-row validate-required\" data-required-field-message=\"Este campo es obligatorio.\" data-field-id=\"subject\"><label class=\"evf-field-label\" for=\"evf-5-field_subject\"><span class=\"evf-label\">Sobre qu\u00e9 hablamos<\/span> <abbr class=\"required\" title=\"Obligatorio\">*<\/abbr><\/label><input type=\"text\" id=\"evf-5-field_subject\" class=\"input-text\" name=\"everest_forms[form_fields][subject]\" required><\/div><div id=\"evf-5-field_message-container\" class=\"evf-field evf-field-textarea form-row\" data-field-id=\"message\"><label class=\"evf-field-label\" for=\"evf-5-field_message\"><span class=\"evf-label\">Cu\u00e9ntanos con m\u00e1s detalle<\/span> <\/label><textarea id=\"evf-5-field_message\" class=\"input-text\" name=\"everest_forms[form_fields][message]\" ><\/textarea><\/div><div id=\"evf-5-field_CJV6p64Cnj-4-container\" class=\"evf-field evf-field-checkbox form-row validate-required\" data-required-field-message=\"Este campo es obligatorio.\" data-field-id=\"CJV6p64Cnj-4\"><label class=\"evf-field-label\" for=\"evf-5-field_CJV6p64Cnj-4\"><span class=\"evf-label\">Consentimiento de Recogida de Datos  <\/span> <abbr class=\"required\" title=\"Obligatorio\">*<\/abbr><\/label><ul id=\"evf-5-field_CJV6p64Cnj-4\" class=\" evf-field-required\"><li class=\"choice-1 depth-1\"><input type=\"checkbox\" id=\"evf-5-field_CJV6p64Cnj-4_1\" class=\"input-text\" name=\"everest_forms[form_fields][CJV6p64Cnj-4][]\" value=\"Acepto los t\u00e9rminos y condiciones de uso http:\/\/www.optifincas.es\/aviso- legal\/ y la pol\u00edtica de privacidad http:\/\/www.optifincas.es\/politica- de-privacidad\/    \" required ><label class=\"everest-forms-field-label-inline\" for=\"evf-5-field_CJV6p64Cnj-4_1\">Acepto los t\u00e9rminos y condiciones de uso http:\/\/www.optifincas.es\/aviso- legal\/ y la pol\u00edtica de privacidad http:\/\/www.optifincas.es\/politica- de-privacidad\/    <\/label><\/li><li class=\"choice-2 depth-1\"><input type=\"checkbox\" id=\"evf-5-field_CJV6p64Cnj-4_2\" class=\"input-text\" name=\"everest_forms[form_fields][CJV6p64Cnj-4][]\" value=\"Autorizo el tratamiento de mis datos para la elaboraci\u00f3n de perfiles \" required ><label class=\"everest-forms-field-label-inline\" for=\"evf-5-field_CJV6p64Cnj-4_2\">Autorizo el tratamiento de mis datos para la elaboraci\u00f3n de perfiles <\/label><\/li><li class=\"choice-4 depth-1\"><input type=\"checkbox\" id=\"evf-5-field_CJV6p64Cnj-4_4\" class=\"input-text\" name=\"everest_forms[form_fields][CJV6p64Cnj-4][]\" value=\"Deseo recibir comunicaciones comerciales y ofertas promocionales \" required ><label class=\"everest-forms-field-label-inline\" for=\"evf-5-field_CJV6p64Cnj-4_4\">Deseo recibir comunicaciones comerciales y ofertas promocionales <\/label><\/li><\/ul><\/div><div id=\"evf-5-field_qhSCkSW7og-1-container\" class=\"evf-field evf-field-radio form-row validate-required\" data-required-field-message=\"Este campo es obligatorio.\" data-field-id=\"qhSCkSW7og-1\"><label class=\"evf-field-label\" for=\"evf-5-field_qhSCkSW7og-1\"><span class=\"evf-label\"><span><span>Informaci\u00f3n b\u00e1sica sobre Protecci\u00f3n de Datos. <\/span><\/span><span><span>Responsable: <\/span><\/span><span><span>Opticredit Isle\u00f1a S.L. <\/span><\/span><span><span> Finalidades<\/span><\/span><span><span>, Fines comerciales y elaboraci\u00f3n de perfiles. <\/span><\/span><span><span>Legitimaci\u00f3n <\/span><\/span><span><span>y Consentimiento. <\/span><\/span><span><span>Destinatarios. <\/span><\/span><span><span> No se ceder\u00e1n datos a terceros salvo obligaci\u00f3n legal. <\/span><\/span> <span><span>Derechos: <\/span> <\/span><span><span> Acceder, rectificar y suprimir los datos, as\u00ed como otros derechos, tal y como se explica en la informaci\u00f3n adicional. <\/span><\/span><span><span> Pol\u00edtica de privacidad: <\/span><\/span><span>Puede consultar nuestra pol\u00edtica de privacidad aqu\u00ed: \u00a0<a href=\"http:\/\/www.optifincas.es\/politica- de- privacidad\/\">http:\/\/www.optifincas.es\/politica- de- privacidad\/<\/a>\u00a0<\/span>  <\/span> <abbr class=\"required\" title=\"Obligatorio\">*<\/abbr><\/label><ul id=\"evf-5-field_qhSCkSW7og-1\" class=\" evf-field-required\"><li class=\"choice-1 depth-1\"><input type=\"radio\" id=\"evf-5-field_qhSCkSW7og-1_1\" class=\"input-text\" name=\"everest_forms[form_fields][qhSCkSW7og-1]\" value=\"S\u00ed\" required ><label class=\"everest-forms-field-label-inline\" for=\"evf-5-field_qhSCkSW7og-1_1\">S\u00ed<\/label><\/li><li class=\"choice-2 depth-1\"><input type=\"radio\" id=\"evf-5-field_qhSCkSW7og-1_2\" class=\"input-text\" name=\"everest_forms[form_fields][qhSCkSW7og-1]\" value=\"No\" required ><label class=\"everest-forms-field-label-inline\" for=\"evf-5-field_qhSCkSW7og-1_2\">No<\/label><\/li><\/ul><\/div><\/div><\/div><\/div><div class=\"evf-honeypot-container evf-field-hp\"><label for=\"evf-5-field-hp\" class=\"evf-field-label\">Message<\/label><input type=\"text\" name=\"everest_forms[hp]\" id=\"evf-5-field-hp\" class=\"input-text\"><\/div><div class=\"evf-submit-container \" ><input type=\"hidden\" name=\"everest_forms[id]\" value=\"5\"><input type=\"hidden\" name=\"everest_forms[author]\" value=\"1\"><button type='submit' name='everest_forms[submit]' class='everest-forms-submit-button button evf-submit ' id='evf-submit-5' value='evf-submit' data-process-text=\"Procesando...\" conditional_rules='\"\"' conditional_id='evf-submit-5' >Enviar<\/button><\/div><\/form><\/div><!-- .evf-container --><\/div><\/p>\n","protected":false},"excerpt":{"rendered":"<p>Si tienes alguna duda, quieres m\u00e1s informaci\u00f3n sobre nuestros servicios o simplemente quieres ponerte en contacto con nosotros. Aqu\u00ed puedes hacerlo.<\/p>\n","protected":false},"author":1,"featured_media":0,"parent":0,"menu_order":0,"comment_status":"closed","ping_status":"open","template":"page-templates\/contact.php","meta":{"_coblocks_attr":"","_coblocks_dimensions":"","_coblocks_responsive_height":"","_coblocks_accordion_ie_support":"","footnotes":""},"class_list":["post-31","page","type-page","status-publish","hentry"],"_links":{"self":[{"href":"http:\/\/www.optifincas.es\/index.php?rest_route=\/wp\/v2\/pages\/31","targetHints":{"allow":["GET"]}}],"collection":[{"href":"http:\/\/www.optifincas.es\/index.php?rest_route=\/wp\/v2\/pages"}],"about":[{"href":"http:\/\/www.optifincas.es\/index.php?rest_route=\/wp\/v2\/types\/page"}],"author":[{"embeddable":true,"href":"http:\/\/www.optifincas.es\/index.php?rest_route=\/wp\/v2\/users\/1"}],"replies":[{"embeddable":true,"href":"http:\/\/www.optifincas.es\/index.php?rest_route=%2Fwp%2Fv2%2Fcomments&post=31"}],"version-history":[{"count":4,"href":"http:\/\/www.optifincas.es\/index.php?rest_route=\/wp\/v2\/pages\/31\/revisions"}],"predecessor-version":[{"id":746,"href":"http:\/\/www.optifincas.es\/index.php?rest_route=\/wp\/v2\/pages\/31\/revisions\/746"}],"wp:attachment":[{"href":"http:\/\/www.optifincas.es\/index.php?rest_route=%2Fwp%2Fv2%2Fmedia&parent=31"}],"curies":[{"name":"wp","href":"https:\/\/api.w.org\/{rel}","templated":true}]}}