{"id":636,"date":"2021-07-10T18:32:40","date_gmt":"2021-07-10T18:32:40","guid":{"rendered":"http:\/\/www.optifincas.es\/?page_id=636"},"modified":"2022-06-30T21:39:38","modified_gmt":"2022-06-30T21:39:38","slug":"quienes-somos","status":"publish","type":"page","link":"http:\/\/www.optifincas.es\/?page_id=636","title":{"rendered":"Qui\u00e9nes somos"},"content":{"rendered":"\n<figure class=\"wp-block-gallery columns-1 is-cropped wp-block-gallery-1 is-layout-flex wp-block-gallery-is-layout-flex\"><ul class=\"blocks-gallery-grid\"><li class=\"blocks-gallery-item\"><figure><img loading=\"lazy\" decoding=\"async\" width=\"1024\" height=\"378\" src=\"http:\/\/www.optifincas.es\/wp-content\/uploads\/2021\/07\/chalet-portada-posible-1-1024x378.jpg\" alt=\"\" data-id=\"642\" data-full-url=\"http:\/\/www.optifincas.es\/wp-content\/uploads\/2021\/07\/chalet-portada-posible-1.jpg\" data-link=\"http:\/\/www.optifincas.es\/?attachment_id=642\" class=\"wp-image-642\" srcset=\"http:\/\/www.optifincas.es\/wp-content\/uploads\/2021\/07\/chalet-portada-posible-1-1024x378.jpg 1024w, http:\/\/www.optifincas.es\/wp-content\/uploads\/2021\/07\/chalet-portada-posible-1-300x111.jpg 300w, http:\/\/www.optifincas.es\/wp-content\/uploads\/2021\/07\/chalet-portada-posible-1-768x284.jpg 768w, http:\/\/www.optifincas.es\/wp-content\/uploads\/2021\/07\/chalet-portada-posible-1.jpg 1280w\" sizes=\"auto, (max-width: 1024px) 100vw, 1024px\" \/><\/figure><\/li><\/ul><\/figure>\n\n\n\n<p>Somos una empresa dedicada a la administraci\u00f3n de fincas como actividad principal, as\u00ed como a otros servicios relacionados.<\/p>\n\n\n\n<p>Comenzamos nuestro viaje en el a\u00f1o 2006. Cuando tres socios con inquietudes deciden emprender con el objetivo de prestar un servicio diferente, transparente y eficaz a las comunidades de propietari@s<\/p>\n\n\n\n<p>Sabemos por experiencia, que cada comunidad de propietari@s y las circunstancias que la rodean son \u00fanicas, por eso nuestro crecimiento como empresa, siempre ha venido acompa\u00f1ado de un trato y atenci\u00f3n personalizados, a cargo de nuestro excelente equipo de trabajo.<\/p>\n\n\n\n<p>Actualmente, la realidad de las comunidades de propietari@s est\u00e1 en constante transformaci\u00f3n, no s\u00f3lo a nivel normativo, sino tambi\u00e9n a nivel digital y tecnol\u00f3gico, por eso, el impacto que deseamos generar como empresa es una total adaptaci\u00f3n a esta nueva situaci\u00f3n.<\/p>\n","protected":false},"excerpt":{"rendered":"<p>Somos una empresa dedicada a la administraci\u00f3n de fincas como actividad principal, as\u00ed como a otros servicios relacionados. Comenzamos nuestro viaje en el a\u00f1o 2006. Cuando tres socios con inquietudes deciden emprender con el objetivo de prestar un servicio diferente,<\/p>\n","protected":false},"author":1,"featured_media":0,"parent":0,"menu_order":0,"comment_status":"closed","ping_status":"closed","template":"","meta":{"_coblocks_attr":"","_coblocks_dimensions":"","_coblocks_responsive_height":"","_coblocks_accordion_ie_support":"","footnotes":""},"class_list":["post-636","page","type-page","status-publish","hentry"],"_links":{"self":[{"href":"http:\/\/www.optifincas.es\/index.php?rest_route=\/wp\/v2\/pages\/636","targetHints":{"allow":["GET"]}}],"collection":[{"href":"http:\/\/www.optifincas.es\/index.php?rest_route=\/wp\/v2\/pages"}],"about":[{"href":"http:\/\/www.optifincas.es\/index.php?rest_route=\/wp\/v2\/types\/page"}],"author":[{"embeddable":true,"href":"http:\/\/www.optifincas.es\/index.php?rest_route=\/wp\/v2\/users\/1"}],"replies":[{"embeddable":true,"href":"http:\/\/www.optifincas.es\/index.php?rest_route=%2Fwp%2Fv2%2Fcomments&post=636"}],"version-history":[{"count":3,"href":"http:\/\/www.optifincas.es\/index.php?rest_route=\/wp\/v2\/pages\/636\/revisions"}],"predecessor-version":[{"id":643,"href":"http:\/\/www.optifincas.es\/index.php?rest_route=\/wp\/v2\/pages\/636\/revisions\/643"}],"wp:attachment":[{"href":"http:\/\/www.optifincas.es\/index.php?rest_route=%2Fwp%2Fv2%2Fmedia&parent=636"}],"curies":[{"name":"wp","href":"https:\/\/api.w.org\/{rel}","templated":true}]}}

Quiénes somos

<figure class="wp-block-gallery columns-1 is-cropped wp-block-gallery-1 is-layout-flex wp-block-gallery-is-layout-flex"><ul class="blocks-gallery-grid"><li class="blocks-gallery-item"><figure><img loading="lazy" decoding="async" width="1024" height="378" src="http://www.optifincas.es/wp-content/uploads/2021/07/chalet-portada-posible-1-1024x378.jpg" alt="" data-id="642" data-full-url="http://www.optifincas.es/wp-content/uploads/2021/07/chalet-portada-posible-1.jpg" data-link="http://www.optifincas.es/?attachment_id=642" class="wp-image-642" srcset="http://www.optifincas.es/wp-content/uploads/2021/07/chalet-portada-posible-1-1024x378.jpg 1024w, http://www.optifincas.es/wp-content/uploads/2021/07/chalet-portada-posible-1-300x111.jpg 300w, http://www.optifincas.es/wp-content/uploads/2021/07/chalet-portada-posible-1-768x284.jpg 768w, http://www.optifincas.es/wp-content/uploads/2021/07/chalet-portada-posible-1.jpg 1280w" sizes="auto, (max-width: 1024px) 100vw, 1024px" /></figure></li></ul></figure>



<p>Somos una empresa dedicada a la administración de fincas como actividad principal, así como a otros servicios relacionados.</p>



<p>Comenzamos nuestro viaje en el año 2006. Cuando tres socios con inquietudes deciden emprender con el objetivo de prestar un servicio diferente, transparente y eficaz a las comunidades de propietari@s</p>



<p>Sabemos por experiencia, que cada comunidad de propietari@s y las circunstancias que la rodean son únicas, por eso nuestro crecimiento como empresa, siempre ha venido acompañado de un trato y atención personalizados, a cargo de nuestro excelente equipo de trabajo.</p>



<p>Actualmente, la realidad de las comunidades de propietari@s está en constante transformación, no sólo a nivel normativo, sino también a nivel digital y tecnológico, por eso, el impacto que deseamos generar como empresa es una total adaptación a esta nueva situación.</p>

<p>Somos una empresa dedicada a la administración de fincas como actividad principal, así como a otros servicios relacionados. Comenzamos nuestro viaje en el año 2006. Cuando tres socios con inquietudes deciden emprender con el objetivo de prestar un servicio diferente,</p>
