{"id":780,"date":"2021-07-29T19:47:21","date_gmt":"2021-07-29T19:47:21","guid":{"rendered":"http:\/\/www.optifincas.es\/?page_id=780"},"modified":"2022-06-30T21:41:09","modified_gmt":"2022-06-30T21:41:09","slug":"la-morosidad-podria-incrementarse-en-las-comunidades-hasta-un-40-por-culpa-del-covid-19","status":"publish","type":"page","link":"http:\/\/www.optifincas.es\/?page_id=780","title":{"rendered":"La morosidad podr\u00eda incrementarse en las comunidades hasta un 40% por culpa del COVID-19"},"content":{"rendered":"\n<figure class=\"wp-block-image size-large\"><img loading=\"lazy\" decoding=\"async\" width=\"1024\" height=\"379\" src=\"http:\/\/www.optifincas.es\/wp-content\/uploads\/2021\/07\/grafico-3-1024x379.jpg\" alt=\"\" class=\"wp-image-751\" srcset=\"http:\/\/www.optifincas.es\/wp-content\/uploads\/2021\/07\/grafico-3-1024x379.jpg 1024w, http:\/\/www.optifincas.es\/wp-content\/uploads\/2021\/07\/grafico-3-300x111.jpg 300w, http:\/\/www.optifincas.es\/wp-content\/uploads\/2021\/07\/grafico-3-768x284.jpg 768w, http:\/\/www.optifincas.es\/wp-content\/uploads\/2021\/07\/grafico-3-1536x568.jpg 1536w, http:\/\/www.optifincas.es\/wp-content\/uploads\/2021\/07\/grafico-3-2048x757.jpg 2048w\" sizes=\"auto, (max-width: 1024px) 100vw, 1024px\" \/><\/figure>\n\n\n\n<p>La pandemia de Covid-19 tambi\u00e9n va a tener un reflejo en las cuentas de las comunidades de vecinos, o al menos as\u00ed lo estima la Federaci\u00f3n Internacional de Profesionales Inmobiliarios (FIABCI Espa\u00f1a).<\/p>\n\n\n\n<p>As\u00ed, si bien seg\u00fan los datos oficiales del Consejo General de Colegios de Administradores de Fincas (CGCAE), antes de la pandemia, el 35% de las fincas ya contaba con alg\u00fan deudor, a partir de ahora se estima que esta cifra va a crecer como m\u00ednimo hasta el 40 por ciento, ya que incluso sin tener en cuenta la crisis econ\u00f3mica y el efecto que traer\u00e1 consigo la pandemia, y la nueva situaci\u00f3n laboral de muchos propietarios, los gastos de las comunidades tambi\u00e9n se han visto incrementado en los \u00faltimos meses, en los que han tenido que hacer frente al sobrecoste  de los materiales necesarios para la desinfecci\u00f3n general de los edificios. <\/p>\n\n\n\n<p><\/p>\n","protected":false},"excerpt":{"rendered":"<p>La pandemia de Covid-19 tambi\u00e9n va a tener un reflejo en las cuentas de las comunidades de vecinos, o al menos as\u00ed lo estima la Federaci\u00f3n Internacional de Profesionales Inmobiliarios (FIABCI Espa\u00f1a). As\u00ed, si bien seg\u00fan los datos oficiales del<\/p>\n","protected":false},"author":1,"featured_media":751,"parent":0,"menu_order":0,"comment_status":"closed","ping_status":"closed","template":"","meta":{"_coblocks_attr":"","_coblocks_dimensions":"","_coblocks_responsive_height":"","_coblocks_accordion_ie_support":"","footnotes":""},"class_list":["post-780","page","type-page","status-publish","has-post-thumbnail","hentry"],"_links":{"self":[{"href":"http:\/\/www.optifincas.es\/index.php?rest_route=\/wp\/v2\/pages\/780","targetHints":{"allow":["GET"]}}],"collection":[{"href":"http:\/\/www.optifincas.es\/index.php?rest_route=\/wp\/v2\/pages"}],"about":[{"href":"http:\/\/www.optifincas.es\/index.php?rest_route=\/wp\/v2\/types\/page"}],"author":[{"embeddable":true,"href":"http:\/\/www.optifincas.es\/index.php?rest_route=\/wp\/v2\/users\/1"}],"replies":[{"embeddable":true,"href":"http:\/\/www.optifincas.es\/index.php?rest_route=%2Fwp%2Fv2%2Fcomments&post=780"}],"version-history":[{"count":1,"href":"http:\/\/www.optifincas.es\/index.php?rest_route=\/wp\/v2\/pages\/780\/revisions"}],"predecessor-version":[{"id":781,"href":"http:\/\/www.optifincas.es\/index.php?rest_route=\/wp\/v2\/pages\/780\/revisions\/781"}],"wp:featuredmedia":[{"embeddable":true,"href":"http:\/\/www.optifincas.es\/index.php?rest_route=\/wp\/v2\/media\/751"}],"wp:attachment":[{"href":"http:\/\/www.optifincas.es\/index.php?rest_route=%2Fwp%2Fv2%2Fmedia&parent=780"}],"curies":[{"name":"wp","href":"https:\/\/api.w.org\/{rel}","templated":true}]}}

La morosidad podría incrementarse en las comunidades hasta un 40% por culpa del COVID-19

<figure class="wp-block-image size-large"><img loading="lazy" decoding="async" width="1024" height="379" src="http://www.optifincas.es/wp-content/uploads/2021/07/grafico-3-1024x379.jpg" alt="" class="wp-image-751" srcset="http://www.optifincas.es/wp-content/uploads/2021/07/grafico-3-1024x379.jpg 1024w, http://www.optifincas.es/wp-content/uploads/2021/07/grafico-3-300x111.jpg 300w, http://www.optifincas.es/wp-content/uploads/2021/07/grafico-3-768x284.jpg 768w, http://www.optifincas.es/wp-content/uploads/2021/07/grafico-3-1536x568.jpg 1536w, http://www.optifincas.es/wp-content/uploads/2021/07/grafico-3-2048x757.jpg 2048w" sizes="auto, (max-width: 1024px) 100vw, 1024px" /></figure>



<p>La pandemia de Covid-19 también va a tener un reflejo en las cuentas de las comunidades de vecinos, o al menos así lo estima la Federación Internacional de Profesionales Inmobiliarios (FIABCI España).</p>



<p>Así, si bien según los datos oficiales del Consejo General de Colegios de Administradores de Fincas (CGCAE), antes de la pandemia, el 35% de las fincas ya contaba con algún deudor, a partir de ahora se estima que esta cifra va a crecer como mínimo hasta el 40 por ciento, ya que incluso sin tener en cuenta la crisis económica y el efecto que traerá consigo la pandemia, y la nueva situación laboral de muchos propietarios, los gastos de las comunidades también se han visto incrementado en los últimos meses, en los que han tenido que hacer frente al sobrecoste  de los materiales necesarios para la desinfección general de los edificios. </p>



<p></p>

<p>La pandemia de Covid-19 también va a tener un reflejo en las cuentas de las comunidades de vecinos, o al menos así lo estima la Federación Internacional de Profesionales Inmobiliarios (FIABCI España). Así, si bien según los datos oficiales del</p>
